s the remainder when 2768 is divided by 18?
14
What is the remainder when 78 is divided by 21?
15
What is the remainder when 775 is divided by 195?
190
What is the remainder when 771 is divided by 86?
83
Calculate the remainder when 42 is divided by 27.
15
Calculate the remainder when 434 is divided by 181.
72
What is the remainder when 146 is divided by 35?
6
Calculate the remainder when 43 is divided by 40.
3
Calculate the remainder when 311 is divided by 4.
3
Calculate the remainder when 1935 is divided by 92.
3
Calculate the remainder when 295 is divided by 162.
133
What is the remainder when 178 is divided by 21?
10
Calculate the remainder when 1105 is divided by 14.
13
What is the remainder when 156 is divided by 27?
21
Calculate the remainder when 35 is divided by 26.
9
Calculate the remainder when 163 is divided by 33.
31
What is the remainder when 269 is divided by 212?
57
Calculate the remainder when 193 is divided by 47.
5
Calculate the remainder when 378 is divided by 289.
89
Calculate the remainder when 251 is divided by 44.
31
Calculate the remainder when 165 is divided by 51.
12
Calculate the remainder when 1126 is divided by 6.
4
Calculate the remainder when 102 is divided by 11.
3
Calculate the remainder when 177 is divided by 12.
9
What is the remainder when 108 is divided by 11?
9
What is the remainder when 7199 is divided by 16?
15
What is the remainder when 98 is divided by 20?
18
Calculate the remainder when 7572 is divided by 1080.
12
What is the remainder when 14836 is divided by 4942?
10
Calculate the remainder when 2329 is divided by 37.
35
Calculate the remainder when 381 is divided by 63.
3
Calculate the remainder when 723 is divided by 105.
93
What is the remainder when 49 is divided by 36?
13
Calculate the remainder when 517 is divided by 74.
73
What is the remainder when 332 is divided by 24?
20
Calculate the remainder when 73 is divided by 26.
21
What is the remainder when 1009 is divided by 126?
1
What is the remainder when 438 is divided by 242?
196
What is the remainder when 609 is divided by 155?
144
What is the remainder when 379 is divided by 20?
19
What is the remainder when 14604 is divided by 109?
107
Calculate the remainder when 387 is divided by 62.
15
What is the remainder when 370 is divided by 75?
70
What is the remainder when 250 is divided by 127?
123
Calculate the remainder when 203 is divided by 9.
5
Calculate the remainder when 3325 is divided by 52.
49
What is the remainder when 831 is divided by 56?
47
Calculate the remainder when 138 is divided by 35.
33
What is the remainder when 4027 is divided by 155?
152
Calculate the remainder when 194 is divided by 11.
7
What is the remainder when 18751 is divided by 141?
139
Calculate the remainder when 3001 is divided by 13.
11
What is the remainder when 413 is divided by 28?
21
What is the remainder when 283 is divided by 37?
24
Calculate the remainder when 357 is divided by 94.
75
Calculate the remainder when 2049 is divided by 20.
9
What is the remainder when 4132 is divided by 159?
157
What is the remainder when 190 is divided by 62?
4
What is the remainder when 305 is divided by 297?
8
Calculate the remainder when 219 is divided by 59.
42
What is the remainder when 269 is divided by 68?
65
Calculate the remainder when 4142 is divided by 17.
11
What is the remainder when 124 is divided by 55?
14
What is the remainder when 156 is divided by 85?
71
Calculate the remainder when 135 is divided by 6.
3
Calculate the remainder when 123 is divided by 21.
18
Calculate the remainder when 918 is divided by 129.
15
What is the remainder when 378 is divided by 19?
17
What is the remainder when 1490 is divided by 122?
26
Calculate the remainder when 10727 is divided by 298.
297
Calculate the remainder when 214 is divided by 72.
70
Calculate the remainder when 142 is divided by 18.
16
Calculate the remainder when 632 is divided by 28.
16
What is the remainder when 46 is divided by 10?
6
What is the remainder when 91 is divided by 8?
3
What is the remainder when 1155 is divided by 191?
9
What is the remainder when 810 is divided by 43?
36
Calculate the remainder when 13253 is divided by 11.
9
What is the remainder when 201 is divided by 2?
1
What is the remainder when 4030 is divided by 37?
34
What is the remainder when 7065 is divided by 57?
54
Calculate the remainder when 525 is divided by 502.
23
What is the remainder when 1004 is divided by 78?
68
Calculate the remainder when 133 is divided by 95.
38
What is the remainder when 1018 is divided by 37?
19
What is the remainder when 125 is divided by 54?
17
Calculate the remainder when 178 is divided by 23.
17
Calculate the remainder when 524 is divided by 128.
12
Calculate the remainder when 1396 is divided by 1384.
12
What is the remainder when 82 is divided by 37?
8
Calculate the remainder when 282 is divided by 22.
18
What is the remainder when 251 is divided by 126?
125
What is the remainder when 415 is divided by 240?
175
Calculate the remainder when 3739 is divided by 16.
11
Calculate the remainder when 2534 is divided by 8.
6
What is the remainder when 1330 is divided by 1320?
10
Calculate the remainder when 1359 is divided by 679.
1
Calculate the remainder when 3065 is divided by 11.
7
What is the remainder when 2778 is divided by 2772?
6
Calculate the remainder when 558 is divided by 96.
78
Calculate the remainder when 205 is divided by 69.
67
What is the remainder when 307 is divided by 94?
25
What is the remainder when 136 is divided by 4?
0
What is the remainder when 452 is divided by 150?
2
Calculate the remainder when 185 is divided by 51.
32
Calculate the remainder when 93 is divided by 4.
1
What is the remainder when 317 is divided by 20?
17
What is the remainder when 220 is divided by 46?
36
Calculate the remainder when 1783 is divided by 85.
83
Calculate the remainder when 11491 is divided by 13.
12
What is the remainder when 37 is divided by 37?
0
Calculate the remainder when 2263 is divided by 224.
23
What is the remainder when 9009 is divided by 92?
85
What is the remainder when 22206 is divided by 33?
30
Calculate the remainder when 162 is divided by 34.
26
Calculate the remainder when 5094 is divided by 364.
362
What is the remainder when 566 is divided by 30?
26
Calculate the remainder when 445 is divided by 142.
19
What is the remainder when 538 is divided by 210?
118
What is the remainder when 1958 is divided by 56?
54
Calculate the remainder when 181 is divided by 97.
84
What is the remainder when 10118 is divided by 14?
10
Calculate the remainder when 2433 is divided by 84.
81
What is the remainder when 279 is divided by 57?
51
What is the remainder when 929 is divided by 15?
14
Calculate the remainder when 571 is divided by 17.
10
Calculate the remainder when 390 is divided by 17.
16
Calculate the remainder when 64 is divided by 17.
13
Calculate the remainder when 551 is divided by 24.
23
What is the remainder when 10888 is divided by 1209?
7
What is the remainder when 355 is divided by 21?
19
What is the remainder when 20 is divided by 14?
6
What is the remainder when 508 is divided by 73?
70
What is the remainder when 56 is divided by 20?
16
What is the remainder when 183 is divided by 42?
15
What is the remainder when 2013 is divided by 662?
27
What is the remainder when 1445 is divided by 99?
59
Calculate the remainder when 80 is divided by 12.
8
What is the remainder when 45 is divided by 37?
8
Calculate the remainder when 1352 is divided by 75.
2
Calculate the remainder when 81 is divided by 78.
3
What is the remainder when 239 is divided by 68?
35
Calculate the remainder when 2435 is divided by 809.
8
What is the remainder when 218 is divided by 41?
13
Calculate the remainder when 577 is divided by 86.
61
Calculate the remainder when 106 is divided by 89.
17
Calculate the remainder when 13107 is divided by 69.
66
What is the remainder when 313 is divided by 81?
70
Calculate the remainder when 207 is divided by 19.
17
What is the remainder when 623 is divided by 25?
23
Calculate the remainder when 507 is divided by 6.
3
Calculate the remainder when 18 is divided by 4.
2
What is the remainder when 533 is divided by 89?
88
What is the remainder when 264 is divided by 52?
